180.
25
Calculate the remainder when 80781 is divided by 833.
813
What is the remainder when 3424 is divided by 149?
146
What is the remainder when 367077 is divided by 24?
21
What is the remainder when 5645 is divided by 935?
35
Calculate the remainder when 3246 is divided by 2084.
1162
Calculate the remainder when 572 is divided by 186.
14
What is the remainder when 9540 is divided by 51?
3
What is the remainder when 10591 is divided by 193?
169
Calculate the remainder when 63931 is divided by 15971.
47
Calculate the remainder when 17223 is divided by 87.
84
Calculate the remainder when 1435 is divided by 20.
15
What is the remainder when 14984 is divided by 81?
80
What is the remainder when 46977 is divided by 522?
519
What is the remainder when 1712 is divided by 419?
36
Calculate the remainder when 32066 is divided by 76.
70
What is the remainder when 7843 is divided by 1960?
3
What is the remainder when 1591 is divided by 742?
107
What is the remainder when 233817 is divided by 54?
51
Calculate the remainder when 100188 is divided by 945.
18
What is the remainder when 6934 is divided by 695?
679
Calculate the remainder when 1097 is divided by 923.
174
Calculate the remainder when 134833 is divided by 134820.
13
Calculate the remainder when 5140 is divided by 512.
20
What is the remainder when 32433 is divided by 290?
243
What is the remainder when 135582 is divided by 15?
12
What is the remainder when 905837 is divided by 226452?
29
What is the remainder when 122183 is divided by 307?
304
What is the remainder when 16309 is divided by 809?
129
Calculate the remainder when 258552 is divided by 1105.
1087
Calculate the remainder when 3986 is divided by 16.
2
What is the remainder when 2899 is divided by 414?
1
What is the remainder when 10646 is divided by 108?
62
What is the remainder when 34034 is divided by 1631?
1414
Calculate the remainder when 22462 is divided by 216.
214
What is the remainder when 45986 is divided by 19?
6
What is the remainder when 32277 is divided by 320?
277
Calculate the remainder when 15848 is divided by 7895.
58
Calculate the remainder when 1829279 is divided by 111.
110
What is the remainder when 1863 is divided by 898?
67
Calculate the remainder when 2375 is divided by 131.
17
Calculate the remainder when 187078 is divided by 533.
528
What is the remainder when 30 is divided by 27?
3
What is the remainder when 282997 is divided by 200?
197
What is the remainder when 155287 is divided by 22?
11
What is the remainder when 8431 is divided by 4200?
31
Calculate the remainder when 5905 is divided by 5900.
5
Calculate the remainder when 57436 is divided by 28702.
32
What is the remainder when 1430 is divided by 179?
177
What is the remainder when 2533 is divided by 1002?
529
Calculate the remainder when 22053 is divided by 5487.
105
What is the remainder when 40927 is divided by 802?
25
What is the remainder when 33103 is divided by 2?
1
Calculate the remainder when 110150 is divided by 110147.
3
What is the remainder when 1213244 is divided by 284?
280
What is the remainder when 36190 is divided by 3?
1
What is the remainder when 5404 is divided by 9?
4
Calculate the remainder when 5169 is divided by 2572.
25
What is the remainder when 2471 is divided by 2394?
77
What is the remainder when 14577 is divided by 1109?
160
What is the remainder when 42413 is divided by 21202?
9
What is the remainder when 3548 is divided by 186?
14
What is the remainder when 8546 is divided by 30?
26
What is the remainder when 33860 is divided by 120?
20
What is the remainder when 317445 is divided by 35?
30
What is the remainder when 1009 is divided by 36?
1
What is the remainder when 1646389 is divided by 610?
609
Calculate the remainder when 393 is divided by 322.
71
Calculate the remainder when 81 is divided by 49.
32
Calculate the remainder when 4496228 is divided by 863.
861
Calculate the remainder when 254807 is divided by 2548.
7
What is the remainder when 2558 is divided by 228?
50
What is the remainder when 28816 is divided by 320?
16
Calculate the remainder when 3908 is divided by 3770.
138
What is the remainder when 768 is divided by 755?
13
Calculate the remainder when 4151 is divided by 80.
71
What is the remainder when 51625 is divided by 21?
7
What is the remainder when 7214 is divided by 342?
32
Calculate the remainder when 1731 is divided by 104.
67
Calculate the remainder when 81950 is divided by 52.
50
What is the remainder when 102235 is divided by 480?
475
What is the remainder when 117188 is divided by 176?
148
Calculate the remainder when 4078 is divided by 500.
78
Calculate the remainder when 9325 is divided by 2330.
5
What is the remainder when 4948 is divided by 1649?
1
Calculate the remainder when 10023 is divided by 1840.
823
Calculate the remainder when 289815 is divided by 8.
7
What is the remainder when 1119 is divided by 14?
13
Calculate the remainder when 1109 is divided by 1027.
82
Calculate the remainder when 34179 is divided by 135.
24
What is the remainder when 2100 is divided by 1513?
587
What is the remainder when 101932 is divided by 95?
92
Calculate the remainder when 25453 is divided by 2796.
289
Calculate the remainder when 350704 is divided by 175347.
10
Calculate the remainder when 6683 is divided by 6676.
7
Calculate the remainder when 283728 is divided by 34.
32
What is the remainder when 1676 is divided by 675?
326
Calculate the remainder when 373507 is divided by 9.
7
What is the remainder when 154871 is divided by 161?
150
Calculate the remainder when 5170 is divided by 2576.
18
Calculate the remainder when 4820 is divided by 10.
0
Calculate the remainder when 3239771 is divided by 1785.
1781
Calculate the remainder when 1599 is divided by 13.
0
What is the remainder when 4154 is divided by 820?
54
Calculate the remainder when 17538 is divided by 5845.
3
What is the remainder when 3124 is divided by 400?
324
Calculate the remainder when 1956 is divided by 28.
24
Calculate the remainder when 26770 is divided by 8861.
187
Calculate the remainder when 28491 is divided by 26.
21
What is the remainder when 843 is divided by 378?
87
Calculate the remainder when 21707 is divided by 36.
35
What is the remainder when 5074 is divided by 125?
74
Calculate the remainder when 39363 is divided by 2903.
1624
What is the remainder when 12025 is divided by 12001?
24
What is the remainder when 150862 is divided by 50286?
4
Calculate the remainder when 13785 is divided by 18.
15
What is the remainder when 118402 is divided by 39464?
10
Calculate the remainder when 3339 is divided by 419.
406
Calculate the remainder when 801 is divided by 673.
128
What is the remainder when 992825 is divided by 24?
17
What is the remainder when 8068 is divided by 237?
10
Calculate the remainder when 114304 is divided by 57.
19
Calculate the remainder when 142556 is divided by 24.
20
Calculate the remainder when 256189 is divided by 63.
31
Calculate the remainder when 12017 is divided by 5999.
19
What is the remainder when 4988 is divided by 2250?
488
What is the remainder when 750 is divided by 384?
366
What is the remainder when 125824 is divided by 83?
79
What is the remainder when 9363 is divided by 282?
57
What is the remainder when 1377 is divided by 1360?
17
Calculate the remainder when 1458 is divided by 399.
261
Calculate the remainder when 3049 is divided by 2215.
834
What is the remainder when 342988 is divided by 769?
14
What is the remainder when 739 is divided by 73?
9
Calculate the remainder when 286758 is divided by 1593.
18
Calculate the remainder when 117215 is divided by 179.
149
Calculate the remainder when 5479 is divided by 1094.
9
Calculate the remainder when 4943 is divided by 146.
125
Calculate the remainder when 4224 is divided by 57.
6
Calculate the remainder when 75033 is divided by 417.
390
What is the remainder when 40048 is divided by 41?
32
Calculate the remainder when 1437 is divided by 6.
3
What is the remainder when 20613 is divided by 19?
17
What is the remainder when 8489 is divided by 564?
29
What is the remainder when 98578 is divided by 1369?
10
What is the remainder when 14075 is divided by 246?
53
Calculate the remainder when 21055 is divided by 3507.
13
What is the remainder